{"id":56,"date":"2017-09-03T16:37:08","date_gmt":"2017-09-03T14:37:08","guid":{"rendered":"http:\/\/alrhandball.fr\/?page_id=56"},"modified":"2017-09-03T16:37:08","modified_gmt":"2017-09-03T14:37:08","slug":"lhistoire","status":"publish","type":"page","link":"https:\/\/alrhandball.fr\/index.php\/lhistoire\/","title":{"rendered":"L&rsquo;histoire"},"content":{"rendered":"<br \/>\n<section id=\"cd-timeline\" class=\"cd-container timeline-express\">\n<div class=\"cd-timeline-block janvier 09 2019 announcement-no-image announcement-241\">\n<p>\t\t<a class=\"cd-timeline-icon-link\" href=\"https:\/\/alrhandball.fr\/index.php\/announcement\/saison-2019-2020\/\"><\/p>\n<div class=\"cd-timeline-img cd-picture\" style=\"background:#115003;\">\n<p>\t\t\t<!-- Custom Action Hook --><\/p>\n<p>\t\t\t\t<!-- Standard Font Awesome Icon --><br \/>\n\t\t\t\t<span class=\"fa fa-futbol-o\" title=\"Saison 2019-2020\"><\/span><\/p><\/div>\n<p> <!-- cd-timeline-img --><\/p>\n<p>\t\t<\/a><\/p>\n<p>\t<!-- Timeline Content --><\/p>\n<div class=\"cd-timeline-content\">\n<p>\t\t<!-- Announcement Title --><\/p>\n<div class=\"cd-timeline-title-container\">\n<h2 class=\"cd-timeline-item-title\">\n\t\t\t\tSaison 2019-2020\t\t\t<\/h2>\n<p class=\"timeline-date\">\n\t\t\t\t\t01\/09\/2019\t\t\t\t<\/p>\n<\/p><\/div>\n<p>\t\t<!-- End Announcement Title --><\/p>\n<p>\t\t<!-- Announcement Excerpt --><\/p>\n<div class=\"the-excerpt\">\n<p>&#8211; ??????? licenci\u00e9s, ????? arbitres, au minimum 3 \u00e9quipes &#8211; 1 \u00e9quipe filles en pr\u00e9national &#8211; 1 \u00e9quipe gar\u00e7ons en division 2 territorial &#8211; 1 \u00e9quipe loisirs Fin de l&rsquo;\u00e9quipe 2 gar\u00e7ons qui a pendant de tr\u00e8s tr\u00e8s nombreuses ann\u00e9es arpent\u00e9 les championnats d\u00e9partementaux Merci \u00e0 tous ceux qui ont fait vivre cette \u00e9quipe 2.<\/p>\n<p><a class=\"timeline-express-read-more-link\" href=\"https:\/\/alrhandball.fr\/index.php\/announcement\/saison-2019-2020\/\"> Read more<\/a>\t\t<\/div>\n<p>\t\t<!-- End Announcement Excerpt --><\/p><\/div>\n<p>\t<!-- End Timeline Content --><\/p>\n<\/div>\n<p><!-- End Timeline Block --><\/p>\n<div class=\"cd-timeline-block janvier 09 2018 announcement-no-image announcement-227\">\n<p>\t\t<a class=\"cd-timeline-icon-link\" href=\"https:\/\/alrhandball.fr\/index.php\/announcement\/saison-2018-2019\/\"><\/p>\n<div class=\"cd-timeline-img cd-picture\" style=\"background:#115003;\">\n<p>\t\t\t<!-- Custom Action Hook --><\/p>\n<p>\t\t\t\t<!-- Standard Font Awesome Icon --><br \/>\n\t\t\t\t<span class=\"fa fa-futbol-o\" title=\"Saison 2018-2019\"><\/span><\/p><\/div>\n<p> <!-- cd-timeline-img --><\/p>\n<p>\t\t<\/a><\/p>\n<p>\t<!-- Timeline Content --><\/p>\n<div class=\"cd-timeline-content\">\n<p>\t\t<!-- Announcement Title --><\/p>\n<div class=\"cd-timeline-title-container\">\n<h2 class=\"cd-timeline-item-title\">\n\t\t\t\tSaison 2018-2019\t\t\t<\/h2>\n<p class=\"timeline-date\">\n\t\t\t\t\t01\/09\/2018\t\t\t\t<\/p>\n<\/p><\/div>\n<p>\t\t<!-- End Announcement Title --><\/p>\n<p>\t\t<!-- Announcement Excerpt --><\/p>\n<div class=\"the-excerpt\">\n<p>60 licenci\u00e9s, 3 arbitres\u00a0 et 3 \u00e9quipes : &#8211; 1 seniors filles en pr\u00e9 nationale (Patrick J.) &#8211; 1 seniors gar\u00e7ons en division 1 territorial (pr\u00e9 r\u00e9gional) (Bruno M.) &#8211; 1 seniors gar\u00e7ons en division 2 territorial (Daniel M. et Alain P.)<\/p>\n<p><a class=\"timeline-express-read-more-link\" href=\"https:\/\/alrhandball.fr\/index.php\/announcement\/saison-2018-2019\/\"> Read more<\/a>\t\t<\/div>\n<p>\t\t<!-- End Announcement Excerpt --><\/p><\/div>\n<p>\t<!-- End Timeline Content --><\/p>\n<\/div>\n<p><!-- End Timeline Block --><\/p>\n<div class=\"cd-timeline-block juin 09 2017 announcement-no-image announcement-230\">\n<p>\t\t<a class=\"cd-timeline-icon-link\" href=\"https:\/\/alrhandball.fr\/index.php\/announcement\/saison-2017-2018\/\"><\/p>\n<div class=\"cd-timeline-img cd-picture\" style=\"background:#115003;\">\n<p>\t\t\t<!-- Custom Action Hook --><\/p>\n<p>\t\t\t\t<!-- Standard Font Awesome Icon --><br \/>\n\t\t\t\t<span class=\"fa fa-futbol-o\" title=\"Saison 2017-2018\"><\/span><\/p><\/div>\n<p> <!-- cd-timeline-img --><\/p>\n<p>\t\t<\/a><\/p>\n<p>\t<!-- Timeline Content --><\/p>\n<div class=\"cd-timeline-content\">\n<p>\t\t<!-- Announcement Title --><\/p>\n<div class=\"cd-timeline-title-container\">\n<h2 class=\"cd-timeline-item-title\">\n\t\t\t\tSaison 2017-2018\t\t\t<\/h2>\n<p class=\"timeline-date\">\n\t\t\t\t\t06\/09\/2017\t\t\t\t<\/p>\n<\/p><\/div>\n<p>\t\t<!-- End Announcement Title --><\/p>\n<p>\t\t<!-- Announcement Excerpt --><\/p>\n<div class=\"the-excerpt\">\n<p>63 licenci\u00e9s, 4 arbitres\u00a0 et 4 \u00e9quipes : &#8211; 1 seniors filles en pr\u00e9 nationale (Patrick J.) &#8211; 1 seniors gar\u00e7ons en honneur r\u00e9gion (Bruno M.) &#8211; 1 seniors gar\u00e7ons en excellence d\u00e9partemental ( Alain P.) &#8211; 1 \u00e9quipe de jeunes &#8211; 11 ans en entente avec Monistrol et Roche Saint Genest<\/p>\n<p><a class=\"timeline-express-read-more-link\" href=\"https:\/\/alrhandball.fr\/index.php\/announcement\/saison-2017-2018\/\"> Read more<\/a>\t\t<\/div>\n<p>\t\t<!-- End Announcement Excerpt --><\/p><\/div>\n<p>\t<!-- End Timeline Content --><\/p>\n<\/div>\n<p><!-- End Timeline Block --><\/p>\n<div class=\"cd-timeline-block juin 09 2016 announcement-no-image announcement-231\">\n<p>\t\t<a class=\"cd-timeline-icon-link\" href=\"https:\/\/alrhandball.fr\/index.php\/announcement\/saison-2016-2017\/\"><\/p>\n<div class=\"cd-timeline-img cd-picture\" style=\"background:#115003;\">\n<p>\t\t\t<!-- Custom Action Hook --><\/p>\n<p>\t\t\t\t<!-- Standard Font Awesome Icon --><br \/>\n\t\t\t\t<span class=\"fa fa-futbol-o\" title=\"Saison 2016-2017\"><\/span><\/p><\/div>\n<p> <!-- cd-timeline-img --><\/p>\n<p>\t\t<\/a><\/p>\n<p>\t<!-- Timeline Content --><\/p>\n<div class=\"cd-timeline-content\">\n<p>\t\t<!-- Announcement Title --><\/p>\n<div class=\"cd-timeline-title-container\">\n<h2 class=\"cd-timeline-item-title\">\n\t\t\t\tSaison 2016-2017\t\t\t<\/h2>\n<p class=\"timeline-date\">\n\t\t\t\t\t06\/09\/2016\t\t\t\t<\/p>\n<\/p><\/div>\n<p>\t\t<!-- End Announcement Title --><\/p>\n<p>\t\t<!-- Announcement Excerpt --><\/p>\n<div class=\"the-excerpt\">\n<p>54 licenci\u00e9s, 4 arbitres\u00a0 et 3 \u00e9quipes : &#8211; 1 seniors filles en pr\u00e9 r\u00e9gional (Patrick J.) &#8211; 1 seniors gar\u00e7ons en honneur r\u00e9gion (Bruno M.) &#8211; 1 seniors gar\u00e7ons en excellence d\u00e9partemental ( Alain P.) &#8211; 1 \u00ab\u00a0\u00e9cole de hand\u00a0\u00bb \u00c9lection du nouveau bureau pour \u00ab\u00a0lib\u00e9rer\u00a0\u00bb l&rsquo;ancien bureau qui a servi le club pendant de tr\u00e8s tr\u00e8s nombreuses ann\u00e9es. Nouveau Bureau : pr\u00e9sidents Assia M. et William S. tr\u00e9sorier S\u00e9bastien L. secr\u00e9taire et correspondant Alain P.<\/p>\n<p><a class=\"timeline-express-read-more-link\" href=\"https:\/\/alrhandball.fr\/index.php\/announcement\/saison-2016-2017\/\"> Read more<\/a>\t\t<\/div>\n<p>\t\t<!-- End Announcement Excerpt --><\/p><\/div>\n<p>\t<!-- End Timeline Content --><\/p>\n<\/div>\n<p><!-- End Timeline Block --><\/p>\n<div class=\"cd-timeline-block juin 09 2015 announcement-no-image announcement-232\">\n<p>\t\t<a class=\"cd-timeline-icon-link\" href=\"https:\/\/alrhandball.fr\/index.php\/announcement\/saison-2015-2016\/\"><\/p>\n<div class=\"cd-timeline-img cd-picture\" style=\"background:#115003;\">\n<p>\t\t\t<!-- Custom Action Hook --><\/p>\n<p>\t\t\t\t<!-- Standard Font Awesome Icon --><br \/>\n\t\t\t\t<span class=\"fa fa-futbol-o\" title=\"Saison 2015-2016\"><\/span><\/p><\/div>\n<p> <!-- cd-timeline-img --><\/p>\n<p>\t\t<\/a><\/p>\n<p>\t<!-- Timeline Content --><\/p>\n<div class=\"cd-timeline-content\">\n<p>\t\t<!-- Announcement Title --><\/p>\n<div class=\"cd-timeline-title-container\">\n<h2 class=\"cd-timeline-item-title\">\n\t\t\t\tSaison 2015-2016\t\t\t<\/h2>\n<p class=\"timeline-date\">\n\t\t\t\t\t06\/09\/2015\t\t\t\t<\/p>\n<\/p><\/div>\n<p>\t\t<!-- End Announcement Title --><\/p>\n<p>\t\t<!-- Announcement Excerpt --><\/p>\n<div class=\"the-excerpt\">\n<p>57 licenci\u00e9s, 4 arbitres\u00a0 et 3 \u00e9quipes : &#8211; 1 seniors filles en pr\u00e9 r\u00e9gional (Patrick J.) &#8211; 1 seniors gar\u00e7ons en pr\u00e9 r\u00e9gional (Bruno M.) &#8211; 1 seniors gar\u00e7ons en excellence d\u00e9partemental ( Alain P.) &#8211; 1 \u00ab\u00a0\u00e9cole de hand\u00a0\u00bb<\/p>\n<p><a class=\"timeline-express-read-more-link\" href=\"https:\/\/alrhandball.fr\/index.php\/announcement\/saison-2015-2016\/\"> Read more<\/a>\t\t<\/div>\n<p>\t\t<!-- End Announcement Excerpt --><\/p><\/div>\n<p>\t<!-- End Timeline Content --><\/p>\n<\/div>\n<p><!-- End Timeline Block --><\/p>\n<div class=\"cd-timeline-block juin 06 2014 announcement-no-image announcement-234\">\n<p>\t\t<a class=\"cd-timeline-icon-link\" href=\"https:\/\/alrhandball.fr\/index.php\/announcement\/saison-2014-2015\/\"><\/p>\n<div class=\"cd-timeline-img cd-picture\" style=\"background:#115003;\">\n<p>\t\t\t<!-- Custom Action Hook --><\/p>\n<p>\t\t\t\t<!-- Standard Font Awesome Icon --><br \/>\n\t\t\t\t<span class=\"fa fa-futbol-o\" title=\"Saison 2014-2015\"><\/span><\/p><\/div>\n<p> <!-- cd-timeline-img --><\/p>\n<p>\t\t<\/a><\/p>\n<p>\t<!-- Timeline Content --><\/p>\n<div class=\"cd-timeline-content\">\n<p>\t\t<!-- Announcement Title --><\/p>\n<div class=\"cd-timeline-title-container\">\n<h2 class=\"cd-timeline-item-title\">\n\t\t\t\tSaison 2014-2015\t\t\t<\/h2>\n<p class=\"timeline-date\">\n\t\t\t\t\t06\/06\/2014\t\t\t\t<\/p>\n<\/p><\/div>\n<p>\t\t<!-- End Announcement Title --><\/p>\n<p>\t\t<!-- Announcement Excerpt --><\/p>\n<div class=\"the-excerpt\">\n<p>75 licenci\u00e9s, 6 arbitres\u00a0 et 5 \u00e9quipes : &#8211; 1 seniors filles en excellence r\u00e9gional (Patrick J.) &#8211; 1 seniors gar\u00e7ons en pr\u00e9 r\u00e9gional (Bruno M.) &#8211; 1 seniors gar\u00e7ons en excellence d\u00e9partemental ( Alain P.) &#8211; 1 \u00e9quipe &#8211; 16 gar\u00e7ons &#8211; 1 \u00e9quipe jeunes &#8211; 12 ans gar\u00e7ons<\/p>\n<p><a class=\"timeline-express-read-more-link\" href=\"https:\/\/alrhandball.fr\/index.php\/announcement\/saison-2014-2015\/\"> Read more<\/a>\t\t<\/div>\n<p>\t\t<!-- End Announcement Excerpt --><\/p><\/div>\n<p>\t<!-- End Timeline Content --><\/p>\n<\/div>\n<p><!-- End Timeline Block --><\/p>\n<div class=\"cd-timeline-block juin 09 2013 announcement-no-image announcement-237\">\n<p>\t\t<a class=\"cd-timeline-icon-link\" href=\"https:\/\/alrhandball.fr\/index.php\/announcement\/saison-2013-2014\/\"><\/p>\n<div class=\"cd-timeline-img cd-picture\" style=\"background:#115003;\">\n<p>\t\t\t<!-- Custom Action Hook --><\/p>\n<p>\t\t\t\t<!-- Standard Font Awesome Icon --><br \/>\n\t\t\t\t<span class=\"fa fa-futbol-o\" title=\"Saison 2013-2014\"><\/span><\/p><\/div>\n<p> <!-- cd-timeline-img --><\/p>\n<p>\t\t<\/a><\/p>\n<p>\t<!-- Timeline Content --><\/p>\n<div class=\"cd-timeline-content\">\n<p>\t\t<!-- Announcement Title --><\/p>\n<div class=\"cd-timeline-title-container\">\n<h2 class=\"cd-timeline-item-title\">\n\t\t\t\tSaison 2013-2014\t\t\t<\/h2>\n<p class=\"timeline-date\">\n\t\t\t\t\t06\/09\/2013\t\t\t\t<\/p>\n<\/p><\/div>\n<p>\t\t<!-- End Announcement Title --><\/p>\n<p>\t\t<!-- Announcement Excerpt --><\/p>\n<div class=\"the-excerpt\">\n<p>88 licenci\u00e9s, 6 arbitres\u00a0 et 5 \u00e9quipes : &#8211; 1 seniors filles en pr\u00e9 national (&#8230;&#8230;&#8230;) &#8211; 1 seniors gar\u00e7ons en honneur r\u00e9gional (William S.) &#8211; 1 seniors gar\u00e7ons en excellence d\u00e9partemental ( Alain P.) &#8211; 1 \u00e9quipe &#8211; 18 gar\u00e7ons &#8211; 1 \u00e9quipe jeunes &#8211; 14 ans gar\u00e7ons<\/p>\n<p><a class=\"timeline-express-read-more-link\" href=\"https:\/\/alrhandball.fr\/index.php\/announcement\/saison-2013-2014\/\"> Read more<\/a>\t\t<\/div>\n<p>\t\t<!-- End Announcement Excerpt --><\/p><\/div>\n<p>\t<!-- End Timeline Content --><\/p>\n<\/div>\n<p><!-- End Timeline Block --><\/p>\n<div class=\"cd-timeline-block juin 09 2011 announcement-no-image announcement-239\">\n<p>\t\t<a class=\"cd-timeline-icon-link\" href=\"https:\/\/alrhandball.fr\/index.php\/announcement\/saison-2011-2012\/\"><\/p>\n<div class=\"cd-timeline-img cd-picture\" style=\"background:#115003;\">\n<p>\t\t\t<!-- Custom Action Hook --><\/p>\n<p>\t\t\t\t<!-- Standard Font Awesome Icon --><br \/>\n\t\t\t\t<span class=\"fa fa-futbol-o\" title=\"Saison 2011-2012\"><\/span><\/p><\/div>\n<p> <!-- cd-timeline-img --><\/p>\n<p>\t\t<\/a><\/p>\n<p>\t<!-- Timeline Content --><\/p>\n<div class=\"cd-timeline-content\">\n<p>\t\t<!-- Announcement Title --><\/p>\n<div class=\"cd-timeline-title-container\">\n<h2 class=\"cd-timeline-item-title\">\n\t\t\t\tSaison 2011-2012\t\t\t<\/h2>\n<p class=\"timeline-date\">\n\t\t\t\t\t06\/09\/2011\t\t\t\t<\/p>\n<\/p><\/div>\n<p>\t\t<!-- End Announcement Title --><\/p>\n<p>\t\t<!-- Announcement Excerpt --><\/p>\n<div class=\"the-excerpt\">\n<p>115 licenci\u00e9s, 6 arbitres\u00a0 et 10 \u00e9quipes : &#8211; 1 seniors filles en excellence r\u00e9gion (Fran\u00e7ois F.) &#8211; 1 seniors gar\u00e7ons en honneur r\u00e9gion (William S.) &#8211; 1 seniors gar\u00e7ons en excellence d\u00e9partemental ( Alain P. et Lionel Z.) &#8211; 1 \u00e9quipe &#8211; 19 filles (&#8230;&#8230;. ) &#8211; 1 \u00e9quipe &#8211; 16 ans filles (Jacques P.) &#8211; 1 \u00e9quipes &#8211; 18 gar\u00e7ons (Luc B.) &#8211; 1 \u00e9quipe -16 gar\u00e7ons &#8211; 1 \u00e9quipe -14 gar\u00e7ons (R\u00e9mi P.) &#8211; 1 \u00e9quipe -12 mixte (Daniel M. et &#8230;&#8230;&#8230;) &#8211; 2 \u00e9quipes en r\u00e9gion : la une gar\u00e7on en honneur (dirig\u00e9 par William) &#8211;\u00a01\u00a0\u00e9quipe\u00a0seniors\u00a0gar\u00e7ons\u00a0en Loisirs sous les ordres de Gilles.<\/p>\n<p><a class=\"timeline-express-read-more-link\" href=\"https:\/\/alrhandball.fr\/index.php\/announcement\/saison-2011-2012\/\"> Read more<\/a>\t\t<\/div>\n<p>\t\t<!-- End Announcement Excerpt --><\/p><\/div>\n<p>\t<!-- End Timeline Content --><\/p>\n<\/div>\n<p><!-- End Timeline Block --><\/p>\n<div class=\"cd-timeline-block janvier 09 2010 announcement-no-image announcement-224\">\n<p>\t\t<a class=\"cd-timeline-icon-link\" href=\"https:\/\/alrhandball.fr\/index.php\/announcement\/saison-2010-2011\/\"><\/p>\n<div class=\"cd-timeline-img cd-picture\" style=\"background:#115003;\">\n<p>\t\t\t<!-- Custom Action Hook --><\/p>\n<p>\t\t\t\t<!-- Standard Font Awesome Icon --><br \/>\n\t\t\t\t<span class=\"fa fa-futbol-o\" title=\"Saison 2010-2011\"><\/span><\/p><\/div>\n<p> <!-- cd-timeline-img --><\/p>\n<p>\t\t<\/a><\/p>\n<p>\t<!-- Timeline Content --><\/p>\n<div class=\"cd-timeline-content\">\n<p>\t\t<!-- Announcement Title --><\/p>\n<div class=\"cd-timeline-title-container\">\n<h2 class=\"cd-timeline-item-title\">\n\t\t\t\tSaison 2010-2011\t\t\t<\/h2>\n<p class=\"timeline-date\">\n\t\t\t\t\t01\/09\/2010\t\t\t\t<\/p>\n<\/p><\/div>\n<p>\t\t<!-- End Announcement Title --><\/p>\n<p>\t\t<!-- Announcement Excerpt --><\/p>\n<div class=\"the-excerpt\">\n<p>&#8211; 2 \u00e9quipes en r\u00e9gion : la une gar\u00e7on en honneur (dirig\u00e9 par William) et la une fille en excellence dirig\u00e9e par Fran\u00e7ois F\u00e9raud &#8211; 1\u00a0\u00e9quipe\u00a0seniors\u00a0gar\u00e7ons\u00a0en\u00a0d\u00e9partemental\u00a0men\u00e9e par A. Paut et Lionel Zymelka &#8211;\u00a01\u00a0\u00e9quipe\u00a0seniors\u00a0gar\u00e7ons\u00a0en Loisirs sous les ordres de Gilles.<\/p>\n<p><a class=\"timeline-express-read-more-link\" href=\"https:\/\/alrhandball.fr\/index.php\/announcement\/saison-2010-2011\/\"> Read more<\/a>\t\t<\/div>\n<p>\t\t<!-- End Announcement Excerpt --><\/p><\/div>\n<p>\t<!-- End Timeline Content --><\/p>\n<\/div>\n<p><!-- End Timeline Block --><\/p>\n<div class=\"cd-timeline-block janvier 09 2009 announcement-no-image announcement-225\">\n<p>\t\t<a class=\"cd-timeline-icon-link\" href=\"https:\/\/alrhandball.fr\/index.php\/announcement\/225-2\/\"><\/p>\n<div class=\"cd-timeline-img cd-picture\" style=\"background:#115003;\">\n<p>\t\t\t<!-- Custom Action Hook --><\/p>\n<p>\t\t\t\t<!-- Standard Font Awesome Icon --><br \/>\n\t\t\t\t<span class=\"fa fa-futbol-o\" title=\"Saison 2009-2010\"><\/span><\/p><\/div>\n<p> <!-- cd-timeline-img --><\/p>\n<p>\t\t<\/a><\/p>\n<p>\t<!-- Timeline Content --><\/p>\n<div class=\"cd-timeline-content\">\n<p>\t\t<!-- Announcement Title --><\/p>\n<div class=\"cd-timeline-title-container\">\n<h2 class=\"cd-timeline-item-title\">\n\t\t\t\tSaison 2009-2010\t\t\t<\/h2>\n<p class=\"timeline-date\">\n\t\t\t\t\t01\/09\/2009\t\t\t\t<\/p>\n<\/p><\/div>\n<p>\t\t<!-- End Announcement Title --><\/p>\n<p>\t\t<!-- Announcement Excerpt --><\/p>\n<div class=\"the-excerpt\">\n<p>&#8211; 2 \u00e9quipes en r\u00e9gion : la une gar\u00e7on dirig\u00e9e par William en honneur la une fille en excellence entrain\u00e9e par \u00c9tienne &#8211; 1\u00a0\u00e9quipe\u00a0seniors\u00a0gar\u00e7ons\u00a0en\u00a0d\u00e9partemental\u00a0men\u00e9e par A. Paut et Lionel Zymelka &#8211;\u00a01\u00a0\u00e9quipe\u00a0seniors\u00a0gar\u00e7ons\u00a0en Loisirs sous les ordres de Gilles.<\/p>\n<p><a class=\"timeline-express-read-more-link\" href=\"https:\/\/alrhandball.fr\/index.php\/announcement\/225-2\/\"> Read more<\/a>\t\t<\/div>\n<p>\t\t<!-- End Announcement Excerpt --><\/p><\/div>\n<p>\t<!-- End Timeline Content --><\/p>\n<\/div>\n<p><!-- End Timeline Block --><\/p>\n<div class=\"cd-timeline-block janvier 09 1969 announcement-no-image announcement-49\">\n<p>\t\t<a class=\"cd-timeline-icon-link\" href=\"https:\/\/alrhandball.fr\/index.php\/announcement\/1969-2\/\"><\/p>\n<div class=\"cd-timeline-img cd-picture\" style=\"background:#115003;\">\n<p>\t\t\t<!-- Custom Action Hook --><\/p>\n<p>\t\t\t\t<!-- Standard Font Awesome Icon --><br \/>\n\t\t\t\t<span class=\"fa fa-futbol-o\" title=\"1969\"><\/span><\/p><\/div>\n<p> <!-- cd-timeline-img --><\/p>\n<p>\t\t<\/a><\/p>\n<p>\t<!-- Timeline Content --><\/p>\n<div class=\"cd-timeline-content\">\n<p>\t\t<!-- Announcement Title --><\/p>\n<div class=\"cd-timeline-title-container\">\n<h2 class=\"cd-timeline-item-title\">\n\t\t\t\t1969\t\t\t<\/h2>\n<p class=\"timeline-date\">\n\t\t\t\t\t01\/09\/1969\t\t\t\t<\/p>\n<\/p><\/div>\n<p>\t\t<!-- End Announcement Title --><\/p>\n<p>\t\t<!-- Announcement Excerpt --><\/p>\n<div class=\"the-excerpt\">\n<p>Avec le soutien d&rsquo;Eug\u00e8ne DEMONTANT (pr\u00e9sident de l&rsquo;amicale la\u00efque \u00e0 l&rsquo;\u00e9poque), Paul BESSON et Raymond BESSE cr\u00e9ent la section Handball de l&rsquo;amicale la\u00efque.<\/p>\n<p><a class=\"timeline-express-read-more-link\" href=\"https:\/\/alrhandball.fr\/index.php\/announcement\/1969-2\/\"> Read more<\/a>\t\t<\/div>\n<p>\t\t<!-- End Announcement Excerpt --><\/p><\/div>\n<p>\t<!-- End Timeline Content --><\/p>\n<\/div>\n<p><!-- End Timeline Block --><\/p>\n<\/section>\n<p>\t\t\t<!-- Timeline Express Free v1.8.1 | Site: https:\/\/www.wp-timelineexpress.com | Author: CodeParrots - http:\/\/www.codeparrots.com --><\/p>\n","protected":false},"excerpt":{"rendered":"","protected":false},"author":2,"featured_media":0,"parent":0,"menu_order":0,"comment_status":"closed","ping_status":"closed","template":"template-full-width.php","meta":[],"_links":{"self":[{"href":"https:\/\/alrhandball.fr\/index.php\/wp-json\/wp\/v2\/pages\/56"}],"collection":[{"href":"https:\/\/alrhandball.fr\/index.php\/wp-json\/wp\/v2\/pages"}],"about":[{"href":"https:\/\/alrhandball.fr\/index.php\/wp-json\/wp\/v2\/types\/page"}],"author":[{"embeddable":true,"href":"https:\/\/alrhandball.fr\/index.php\/wp-json\/wp\/v2\/users\/2"}],"replies":[{"embeddable":true,"href":"https:\/\/alrhandball.fr\/index.php\/wp-json\/wp\/v2\/comments?post=56"}],"version-history":[{"count":1,"href":"https:\/\/alrhandball.fr\/index.php\/wp-json\/wp\/v2\/pages\/56\/revisions"}],"predecessor-version":[{"id":57,"href":"https:\/\/alrhandball.fr\/index.php\/wp-json\/wp\/v2\/pages\/56\/revisions\/57"}],"wp:attachment":[{"href":"https:\/\/alrhandball.fr\/index.php\/wp-json\/wp\/v2\/media?parent=56"}],"curies":[{"name":"wp","href":"https:\/\/api.w.org\/{rel}","templated":true}]}}